 p(m) = -3*m**2 + 4*m - 6. Let s(f) = 3*f**2 - 4*f + 5. Let h(u) = 2*p(u) + 3*s(u). List the prime factors of h(3).
2, 3
Suppose 2*k = -o + 16, -3*k = 6*o - 2*o - 89. What are the prime factors of o?
2, 13
Let l = 0 + 0. Let v(b) = l*b - 8*b - 1 + 4*b. List the prime factors of v(-3).
11
Suppose -2*j - 2 = 4. What are the prime factors of ((-1)/(-2))/(j/(-12))?
2
Let p = 47 + -11. What are the prime factors of p?
2, 3
Let o(b) = -b**3 - 21*b**2 - 24*b - 7. What are the prime factors of o(-20)?
73
Let c(j) be the third derivative of j**5/60 - 7*j**4/24 + j**3/2 - j**2. List the prime factors of c(9).
3, 7
Suppose -2 = b - 12. Suppose -6*m + 4 = -4*m. Suppose j - 27 = -2*q, -m*q + b = 5*j - 13. List the prime factors of q.
2, 7
Let g be ((-6)/(-4))/(3/4). Suppose -2*d + 4 = 0, -4*l + 9 + 227 = -g*d. What are the prime factors of l/9 + 2/(-3)?
2, 3
Let i(z) = z**3 + 6*z**2 + 7. Let f be i(-6). Let l be 2/f + 5/7. Suppose 30 = 3*v + 3*d, 4*d + 7 = -l. List the prime factors of v.
2, 3
List the prime factors of ((-2)/(-4))/(2/44).
11
Let n = -6 + 12. Suppose n = -2*l + 3*l. Let c = 11 - l. What are the prime factors of c?
5
Suppose -3*u + 1 = -14, -4*u = 2*y - 30. Let r(a) = -y*a + a**2 + 0 + 1 - 2. List the prime factors of r(6).
5
Suppose -300 = -11*o + 8*o. What are the prime factors of o?
2, 5
Let f be (1*3)/(2 + -1). Let b(u) = 0*u + 5 + 2*u - 4 + 2. What are the prime factors of b(f)?
3
Let z = 30 + 5. Suppose f = 6*f - z. What are the prime factors of f?
7
Let s(b) = -b**2 + 9*b + 2. What are the prime factors of s(7)?
2
What are the prime factors of (-228)/(-2) + (-2)/(-1)?
2, 29
Let f(x) = -86*x**3 - x**2 - 2*x - 2. List the prime factors of f(-1).
5, 17
Suppose 13 = -v - 4*r, 0 = -0*v - 4*v - r + 8. Suppose v - 1 = o. What are the prime factors of (3 - 1) + -2 + o?
2
Let f = 1 + 2. Suppose -2*g + f = -5. Suppose -k + 3*k - g = 0. List the prime factors of k.
2
Let f(v) = 3*v + 1. Let p be f(-1). Let j be (1 - 2)*(p - -1). List the prime factors of ((-6)/(-8))/(j/24).
2, 3
Suppose -y - y = 5*a + 39, -3*a + 15 = -2*y. Let m = y - -28. What are the prime factors of m?
2
Suppose l - 3*g = 60, -g = -4*l - 0*g + 251. List the prime factors of l.
3, 7
Let u = -23 - -87. Suppose h + 2*h + u = 5*q, -4*q + 4*h + 48 = 0. Suppose 3*j - q = 1. List the prime factors of j.
5
List the prime factors of ((-6)/(-4))/((-9)/(-24)).
2
Let a be 228/5 + 2/5. Let b = a + -1. Suppose -4*u - 9 = -b. What are the prime factors of u?
3
Suppose 5*r - w = -17, -2*r = -6*w + 2*w - 4. Let d = r - -3. Let m = d - -7. List the prime factors of m.
2, 3
Let n = -5 + 9. Suppose 2*l - 22 = -x - 2*l, n*l - 30 = -5*x. What are the prime factors of x?
2
Let t(r) = r**3 - 9*r**2 + 9*r - 2. Let n(w) = -w**3 - 3*w**2 - 3*w - 1. Let k be n(-3). Let z be t(k). Let u = 15 - z. List the prime factors of u.
3
Suppose 14*h - 555 - 887 = 0. List the prime factors of h.
103
Let o(g) = -5*g - 13. Let x be o(-13). Suppose 0 = -5*b + h + 85, 2*b = 6*h - 2*h + x. List the prime factors of b.
2
Let q(o) = -o**3 + o**2. Let c be q(2). Let f(u) = -u**3 - 3*u**2 - 4*u - 5. What are the prime factors of f(c)?
3
Suppose -4*p = 4*b, 3*b = 5*p - 2*b - 20. Suppose 64 = 4*a - p*x, 0*x - 4 = -x. What are the prime factors of a?
2, 3
Suppose -4 = s, -4 = 3*a + 4*s + 6. Suppose 3*c = 9, 2*o - 14 = -0*c - a*c. What are the prime factors of 6/o - 3/(-2)?
3
Suppose 0*p - 4*g + 26 = 5*p, -4*p - 2*g = -16. What are the prime factors of p?
2
Let i(s) = -2*s + 3. Let n be i(4). Let p(k) = -k**3 - 5*k**2 - 2*k. Let z be p(n). Let o = -2 + z. What are the prime factors of o?
2
Suppose -7*a + 196 = -3*a. List the prime factors of a.
7
Let h = -105 - -259. List the prime factors of h.
2, 7, 11
Let u(m) = m - 9. Let k be u(6). Let f(w) = -w**3 - 4*w**2 - 3*w + 2. Let t be f(k). Suppose 3 = -5*c - 4*z + 2, 8 = -t*z. List the prime factors of c.
3
What are the prime factors of 2/6 - (3 + (-1544)/12)?
2, 3, 7
What are the prime factors of 567/3 + 0 + -2?
11, 17
Suppose 4*v - 156 = -0*v. What are the prime factors of v?
3, 13
Suppose -2*g + 20 = -2*j, 3*j - 2*j = -5. What are the prime factors of g?
5
Let l(v) = -v**3 + 4*v**2 + 3. Let h(y) = -2*y**3 - 4*y**2 - 3*y - 2. Let t be h(-2). Let w be l(t). List the prime factors of 3/9 + 35/w.
2, 3
Suppose 7 = -2*l + 19. Suppose -5*x = -x. Suppose -2*b = 4*d - 6, x = -2*b - l*d + d + 3. What are the prime factors of b?
3
Suppose -141 = 4*j + 67. Let f be (-7)/((-35)/j)*-5. Suppose 4*a - f = -16. What are the prime factors of a?
3
Suppose -3*n = 4*x - 58, -78 = -5*n - 3*x + 4. What are the prime factors of n?
2, 7
Let l be (-30)/4 - 2/(-4). Let x(h) = -2*h - 7. What are the prime factors of x(l)?
7
Suppose -6 = 2*r - 3*r. Suppose r*v - 100 = 4*v. What are the prime factors of ((-12)/5)/((-15)/v)?
2
Let d(i) = -20*i - 82. List the prime factors of d(-12).
2, 79
Let q be 10*(-1)/(-4)*2. Let k = 7 - q. Suppose -y - 4 = -0*y - 4*a, 4 = k*y - 2*a. List the prime factors of y.
2
Let v = 331 - 182. List the prime factors of v.
149
Suppose 1 = 4*r - 7. Suppose -2*g + 16 = -6*g. List the prime factors of 80/g*(-1)/r.
2, 5
Let z(n) be the second derivative of -n**5/20 - 2*n**4/3 + n**2/2 - 3*n. Let t be z(-8). Suppose -x + 4 = -t. List the prime factors of x.
5
Let w be 8/(-36) + (-472)/(-18). Suppose w - 1 = x. What are the prime factors of x?
5
What are the prime factors of (-2 - 555/(-12))/((-1)/(-4))?
3, 59
List the prime factors of (-732)/(-21) - 1/(-7).
5, 7
Let u(i) = -i - 6. Let d be u(-6). Suppose d*j + j + 5*f = 14, j - 2*f = 21. Suppose -5*a = -79 + j. What are the prime factors of a?
2, 3
Suppose 4*y = 4 + 8. Let j be (2 - 1)*(7 - 2). Suppose 3*m + y = -0*m, -2*m = -j*f + 12. List the prime factors of f.
2
Let u(h) = 9 + 10 - 7 + h. List the prime factors of u(15).
3
Suppose 7 = -c + 3*s, -21 = -4*c - s + 3. Suppose -i - 15 = c*u, -2*i - 5*u - 55 = -5*i. List the prime factors of i.
2, 5
Let l = -169 - -257. List the prime factors of l.
2, 11
Let i be 791/7 - (-4)/2. Suppose 2*t = -4*j + 84, t - 5*j - i = -2*t. List the prime factors of t.
2, 5
Suppose -a - a = -g - 117, 3*a = -2*g + 186. Suppose -8*t = -10*t + a. List the prime factors of t.
2, 3, 5
Suppose -3*j - 3*c + 5*c + 13 = 0, -6 = 3*c. Suppose 4*f - 76 = 4*v, -6*f = -4*f + j*v - 48. List the prime factors of f.
3, 7
Let q = -8 + 66. What are the prime factors of q?
2, 29
Let c = -2 - 0. Let p be c/1 - (-3 + 1). Suppose p = -2*o - 2*o + 36. List the prime factors of o.
3
Let n(t) = -3*t**2 + 3*t. Let m be n(3). Let o = -13 - m. What are the prime factors of o?
5
Suppose -283 = -s - 5*l, 5*l + 535 = -3*s + 1374. What are the prime factors of s?
2, 139
Suppose -2 - 16 = 2*a. List the prime factors of (-1)/(-2 + a/(-5)).
5
Suppose 4*g + 2*v = -3*v + 320, -3*g - 2*v = -233. What are the prime factors of g?
3, 5
Let k = -1 + -7. Let y(r) = -r**3 - 7*r**2 + 6*r - 10. List the prime factors of y(k).
2, 3
Suppose 3*v + 4*a = -13, -2*a + 4*a = 2*v - 10. Let x(h) = -5*h + 4*h + 5*h**2 - h + v. What are the prime factors of x(2)?
17
Let z = 17 + -14. What are the prime factors of z?
3
Let f(n) = -n**3 + 5*n**2 - n - 1. Let g(s) = -s**3 + 3*s**2 + s + 1. Suppose -4*o = -3*c - 11, -o + 3 = -2. Let u be g(c). What are the prime factors of f(u)?
11
Suppose 2*m = -3*m - 5*p - 10, 4*m - 2*p = 16. Suppose 0 = -5*x + 17 - m. List the prime factors of ((-8)/(-3))/(2/x).
2
Let c(x) = -x**3 - 3*x**2 - 2*x - 3. Let r be c(-2). Let w = 29 + r. List the prime factors of w.
2, 13
Suppose 292 + 98 = 5*j. What are the prime factors of j?
2, 3, 13
Let m be (-42)/(-12)*(3 + -1). Suppose 5*b - 1 = -f - 0*f, -f - b = m. List the prime factors of 2/f + 222/27.
2
Let j(d) = -11*d**3 - d**2 - 2*d - 2. What are the prime factors of j(-1)?
2, 5
Let k be (2 + 0)*(-18)/4. Let i = k - -19. List the prime factors of i.
2, 5
Let p(c) = c**2 - c**3 + 4*c - 2 - 5*c**2 + 6. Let h = 6 - 11. What are the prime factors of p(h)?
3
Let g be (-3)/(-5) + (-68)/5. Let t = g + 48. What are the prime factors of t?
5, 7
Let f(y) = y**2 + y + 13. List the prime factors of f(-8).
3, 23
Let v(k) = -k**2 + 10*k - 3. Let u be v(10). What are the prime factors of (u - (3 - 5))*-16?
2
Let j = -3 - -9. List the prime factors of (-4)/j*333/(-6).
37
Suppose -3*v + 129 = -30. Lis